r of 317461443?
True
Is 14 a factor of 21495754?
True
Is 17 a factor of 629724472?
True
Does 4 divide 13092?
True
Is 849454791 a multiple of 71?
False
Is 843 a factor of 4552200?
True
Does 53 divide 147618687?
False
Is 543759010 a multiple of 211?
False
Is 6337224 a multiple of 4?
True
Is 976187900 a multiple of 332?
True
Is 277144112 a multiple of 271?
True
Does 137 divide 29398282?
True
Does 116 divide 614354213?
False
Is 1075 a factor of 86723475?
True
Is 133237866 a multiple of 5015?
False
Is 137937039 a multiple of 1087?
True
Is 2357235956 a multiple of 4178?
True
Is 209 a factor of 34744037?
False
Does 1673 divide 49805695?
False
Is 1309 a factor of 49184366?
True
Is 51 a factor of 2629638398?
False
Is 10 a factor of 110023108?
False
Is 7209 a factor of 288656143?
False
Is 20294950 a multiple of 50?
True
Is 163896096 a multiple of 104?
True
Does 416 divide 4449133312?
True
Is 5118 a factor of 297181788?
True
Is 131 a factor of 79742004?
False
Is 2501435174 a multiple of 61?
True
Is 7 a factor of 5092451?
True
Is 293314117 a multiple of 56?
False
Does 80 divide 65341777?
False
Is 144 a factor of 204433632?
True
Does 495 divide 1188136620?
True
Is 3888478 a multiple of 4?
False
Is 324 a factor of 20873639?
False
Is 4180 a factor of 327469560?
True
Is 1200808740 a multiple of 3610?
True
Does 193 divide 32861314?
False
Is 46518201 a multiple of 2729?
False
Is 51521703 a multiple of 4264?
False
Is 2056 a factor of 24792641?
False
Is 18 a factor of 29146302?
True
Is 42549022 a multiple of 25?
False
Is 29141522 a multiple of 51?
False
Does 25 divide 55384960?
False
Is 1452065664 a multiple of 84?
True
Does 321 divide 20165292?
False
Does 8 divide 328504001?
False
Is 17297080 a multiple of 410?
True
Is 1493 a factor of 104014324?
True
Is 17322395 a multiple of 19?
True
Does 3 divide 56223371?
False
Is 18 a factor of 72837192?
False
Does 16 divide 39482529?
False
Is 871023502 a multiple of 28?
False
Is 10886 a factor of 1983810210?
True
Is 733 a factor of 501454621?
False
Is 13 a factor of 2381330458?
True
Is 1348 a factor of 9411736?
True
Does 3615 divide 1554543990?
True
Is 816017326 a multiple of 106?
False
Does 156 divide 22929460?
False
Does 92 divide 174485610?
False
Is 7514689 a multiple of 49?
True
Is 380 a factor of 93689060?
False
Is 4414 a factor of 243841909?
False
Is 21724396 a multiple of 271?
False
Is 2768050 a multiple of 145?
True
Is 28249025 a multiple of 402?
False
Is 1547366775 a multiple of 87?
True
Is 22 a factor of 641053475?
False
Is 18 a factor of 405882612?
True
Is 547009848 a multiple of 2772?
True
Is 2306858561 a multiple of 210?
False
Does 263 divide 77885519?
False
Is 439880658 a multiple of 138?
True
Does 17 divide 240232248?
False
Is 284 a factor of 2950114184?
True
Does 6 divide 1819582241?
False
Is 11 a factor of 1152263408?
False
Is 13 a factor of 185468608?
True
Is 11 a factor of 659116847?
False
Is 1147086 even?
True
Is 508 a factor of 33366964?
True
Is 34 a factor of 6265402?
False
Does 136 divide 23091102?
False
Is 6129 a factor of 609869193?
False
Does 301 divide 132107159?
False
Is 1688180424 a multiple of 87?
False
Is 64 a factor of 49340032?
True
Does 850 divide 33008075?
False
Is 3 a factor of 7564514?
False
Is 824822300 a multiple of 25?
True
Is 7 a factor of 457320339?
True
Is 46 a factor of 1492340448?
False
Is 2 a factor of 1476733?
False
Is 2109216841 a multiple of 551?
False
Does 46 divide 60844238?
False
Is 40 a factor of 653814560?
True
Is 63536970 a multiple of 70?
True
Is 266897604 a multiple of 100?
False
Is 458157517 a multiple of 1808?
False
Does 28 divide 27994120?
True
Does 30 divide 2436286371?
False
Does 45 divide 103456705?
False
Is 41 a factor of 53353408?
False
Is 523444100 a multiple of 5?
True
Does 2633 divide 115362262?
True
Is 6 a factor of 133001841?
False
Is 604 a factor of 1294508979?
False
Is 28 a factor of 871962338?
False
Is 67767915 a multiple of 1605?
True
Is 35 a factor of 111932310?
True
Is 14 a factor of 1533513198?
True
Does 2871 divide 37040000?
False
Does 159 divide 62210499?
True
Is 312129690 a multiple of 993?
True
Does 83 divide 243920063?
False
Is 48 a factor of 23803968?
True
Is 86 a factor of 151658895?
False
Is 175518416 a multiple of 80?
False
Is 331034520 a multiple of 6?
True
Is 134 a factor of 22663568?
False
Is 109 a factor of 9527597?
False
Is 407125888 a multiple of 64?
True
Is 13 a factor of 14656235?
False
Does 2629 divide 83362961?
True
Is 435 a factor of 8023140?
True
Does 1055 divide 21782608?
False
Is 205885326 a multiple of 29?
True
Is 14 a factor of 306726137?
False
Is 31 a factor of 368782727?
True
Is 263 a factor of 80477234?
False
Is 1284085360 a multiple of 16?
True
Does 45 divide 24041916?
False
Is 185 a factor of 7990150?
True
Does 801 divide 1554955668?
True
Is 25079 a multiple of 4?
False
Is 178665828 a multiple of 22?
True
Is 95269707 a multiple of 51?
False
Is 11 a factor of 68780800?
True
Is 119261979 a multiple of 382?
False
Is 193820913 a multiple of 9?
True
Is 56 a factor of 1748656?
True
Is 1074 a factor of 62853702?
True
Is 638762872 a multiple of 126?
False
Is 77 a factor of 326051058?
False
Is 150238595 a multiple of 1106?
False
Is 323983000 a multiple of 2217?
False
Is 2358 a factor of 38310426?
True
Does 2595 divide 130716338?
False
Is 501 a factor of 21990340?
False
Does 17 divide 248632310?
True
Is 968661025 a multiple of 1195?
True
Does 35 divide 20605974?
False
Does 913 divide 65894862?
True
Is 743420245 a multiple of 2775?
False
Is 1677 a factor of 502848450?
True
Is 7518742 a multiple of 261?
False
Is 66 a factor of 17137170?
False
Is 14251610 a multiple of 1232?
False
Is 113 a factor of 7418446?
False
Is 596381 a multiple of 17?
False
Is 258 a factor of 367379358?
True
Is 161722220 a multiple of 28?
False
Does 1145 divide 13234077?
False
Is 8 a factor of 409272178?
False
Is 24973069 a multiple of 30?
False
Is 24 a factor of 91009128?
True
Is 6 a factor of 489415913?
False
Does 2398 divide 4195950858?
True
Is 188282660 a multiple of 205?
True
Is 8 a factor of 71242505?
False
Does 319 divide 1955326252?
False
Is 77 a factor of 24910649?
False
Is 2720302086 a multiple of 1406?
True
Does 1362 divide 18114600?
True
Is 5786608 a multiple of 434?
False
Does 337 divide 10207393?
True
Is 5 a factor of 163310780?
True
Is 320 a factor of 95941434?
False
Is 15 a factor of 7414498680?
True
Does 629 divide 7898383?
False
Does 86 divide 60726715?
False
Does 1040 divide 282174300?
False
Is 2672 a factor of 872579822?
False
Does 19 divide 101880109?
True
Is 71 a factor of 651257930?
False
Is 246164689 a multiple of 13?
False
Does 12 divide 29547105?
False
Is 166671610 a multiple of 199?
False
Is 126550572 a multiple of 17?
False
Is 4520 a factor of 296869746?
False
Does 10365 divide 1841103855?
True
Does 98 divide 896798?
True
Does 6572 divide 2769771505?
False
Does 2434 divide 342422422?
True
Is 567 a factor of 18244409?
False
Is 54354294 a multiple of 1138?
True
Is 914276 a multiple of 154?
False
Does 2486 divide 468909320?
True
Is 126622092 a multiple of 244?
True
Does 5 divide 43831864?
False
Does 5 divide 30111560?
True
Is 744003680 a multiple of 160?
True
Is 846342336 a multiple of 2624?
True
Is 535 a factor of 196661185?
True
Is 128 a factor of 1998250640?
False
Is 835 a factor of 114035950?
True
Does 8902 divide 175218066?
True
Is 156421494 a multiple of 1082?
True
Does 39 divide 2151658938?
True
Does 8 divide 2150562?
False
Is 227541544 a multiple of 841?
False
Is 66 a factor of 1126020189?
False
Is 844929007 a multiple of 13?
True
Is 378289040 a multiple of 2666?
False
Does 839 divide 1914268104?
False
Is 10871982 a multiple of 27?
True
Is 39685361 a multiple of 28?
False
Is 1222 a factor of 128172567?
False
Is 43414992 a multiple of 72?
True
Does 549 divide 16068796?
False
Does 8 divide 22994585?
False
Is 126261992 a multiple of 4454?
True
Is 31 a factor of 13596277?
False
Does 1060 divide 53000?
True
Does 2586 divide 833736744?
True
Is 25 a factor of 1150439375?
True
Does 8 divide 243750248?
True
Is 752100096 a multiple of 1397?
True
Is 99677100 a multiple of 60?
True
Is 21882432 a multiple of 1056?
True
Is 69531831 a multiple of 13?
False
Is 2807453352 a multiple of 44?
True
Does 123 divide 50711635?
False
Does 4 div